 + 890/297). Let j = 88 - x. What is the highest common factor of 35 and j?
35
Suppose 20 = 3*o + o. Suppose -o*s - 40*k = -42*k - 159, -s = -2*k - 35. Calculate the greatest common divisor of 155 and s.
31
Let s = -169 - -234. Suppose -4*o - m + s = 0, 4*o - 66 = -2*m - 0*m. Calculate the greatest common factor of 80 and o.
16
Let s = 47 + -31. Let t(q) = -6*q + 12. Suppose 2*x = 2*x + 2*x. Let u be t(x). What is the highest common factor of s and u?
4
Suppose -13*y + 12*y = -4*q + 139, 5*y = 2*q - 83. Suppose 0 = 14*f - q + 20. Suppose 7 = i - 0. Calculate the greatest common factor of i and f.
1
Let f = 136 + 333. Let z = f - 454. What is the greatest common divisor of z and 345?
15
Suppose -3*w = -12*j + 3*j - 519, -j = -2*w + 341. Calculate the greatest common factor of 187 and w.
17
Suppose 29*c = 9*c + 1709 - 89. Suppose 3*t = 5*t - 108. What is the greatest common divisor of c and t?
27
Let k(i) = i**3 + 15*i**2 - 312*i - 60. Let b be k(-26). Calculate the highest common factor of 3168 and b.
88
Let d(s) = s**3 + 10*s**2 - 13*s - 16. Let t be d(-11). Suppose -29 = t*y - 185. Calculate the greatest common factor of y and 65.
13
Suppose -3*r + 3*x = -627, 47*x + 809 = 4*r + 46*x. Calculate the greatest common divisor of 2725 and r.
25
Let a = -267 - -275. Suppose 12*d - 36 = a*d. Calculate the highest common factor of 279 and d.
9
Let g be (1*(4 + 5/1))/((-11)/(-21637)). Calculate the greatest common divisor of g and 63.
63
Suppose -281*h - 282*h + 564*h - 7450 = 0. Calculate the highest common factor of 40 and h.
10
Let a = 2056 - 2004. Calculate the highest common factor of a and 1300.
52
Let o = 93 + 135. Let q = o + -138. What is the highest common factor of q and 30?
30
Suppose 4*o - 4*u = -o + 20, -2*u - 16 = -4*o. Let b(a) = 5 - o*a - 20 + a**2 + 4*a - 3*a. Let q be b(-5). What is the greatest common factor of 100 and q?
25
Suppose -2*r = -3*w - 431, -2*r + 435 = w - 0*w. Let s(z) = -z**2 - 20*z - 17. Let p be s(-16). Let m = p - 16. What is the highest common factor of m and r?
31
Let z = -12 - -39. Let g(b) = -31*b**3 + 2*b - 7*b**2 + 57*b**3 - z*b**3 - 3 + 4*b. Let n be g(-8). What is the highest common factor of n and 117?
13
Let l be ((-54285)/(-4) - -2) + (-1)/20*5. What is the highest common divisor of l and 14?
7
Let p = 52 + -44. Let g(b) = -14*b + 3. Let h be g(10). Let v = h - -193. Calculate the highest common factor of p and v.
8
Suppose -216*n + 22304 = 244*n - 13116. Suppose -3*x = 3*w - 18, -x = -w + 2*x - 14. Let j = 6 + w. Calculate the greatest common factor of n and j.
7
Let l(u) = -16*u - 6. Suppose 2*w = -0*t - 4*t - 20, 3*t = -6. Let c be l(w). Let n = -737780 - -737810. What is the greatest common divisor of c and n?
30
Let c(z) = -2*z**2 - 24*z + 18. Let f be (-1254)/110 - 6/10. Let m be c(f). Suppose i + 18 = 2*i. What is the greatest common factor of m and i?
18
Let u be ((1 - 85)*92/345)/((-2)/620). Calculate the greatest common divisor of u and 1344.
224
Let v be 3 + 7 - (0 + -8 - 4237). Calculate the highest common divisor of 460 and v.
115
Let a be (0 - -2)*-2 + -5 + 8. Let h be ((-15)/3 - -6)/(a/(-5)). What is the greatest common divisor of 335 and h?
5
Suppose 3*b - 32 - 16 = -3*i, -i = 2*b - 31. Suppose b*k = 14*k + 6. Calculate the greatest common divisor of k and 138.
6
Let c(t) = 2*t**2 - 9*t + 9. Let l = 19 - 27. Let m be (-2)/(-2) - 2/4*l. Let k be c(m). Calculate the highest common factor of 70 and k.
14
Suppose w = -4*g + 1473, 4*w = -g + 8*w + 381. Suppose 17*v - 3*z + 159 = 19*v, -g = -5*v + 2*z. What is the greatest common factor of v and 45?
15
Suppose -2*g = 4*f - 174, 8*f - 11*f = g - 133. Suppose -184 = -0*o - 4*o. What is the highest common divisor of f and o?
46
Let n = -4717 + 4927. What is the highest common factor of 510 and n?
30
Suppose 12942 + 3332 = -79*a. Let t = a - -219. Let r be 141 + 3/(6/4). Calculate the highest common divisor of r and t.
13
Let j(h) = 3*h**3 + h**2 + 46*h - 880. Let p be j(14). Calculate the highest common divisor of p and 8.
8
Let j(z) = -86*z**2 + 10*z + 6. Let k be j(-10). Let w be (-8)/52 + (k/39)/(-6). What is the highest common factor of w and 111?
37
Let b(u) = 54*u. Let i be b(2). Suppose -3*a - 5*c = -56, 0 = -5*a - 6*c + 194 - 89. Calculate the highest common factor of i and a.
27
Let t = -1067 + 2579. What is the highest common divisor of t and 16?
8
Suppose -8316*h + 8327*h - 88 = 0. Calculate the greatest common divisor of h and 712.
8
Let d be ((-476)/(-595))/((-5)/((-1550)/4)). Suppose 1 - 9 = -2*o. Calculate the highest common factor of d and o.
2
Let m = 5455 - 4758. Calculate the highest common divisor of 187 and m.
17
Suppose 1 + 23 = h - 2*p, -h - 5*p + 59 = 0. Let g(n) = -n**3 + 36*n**2 - 68*n + 5. Let l be g(h). What is the highest common divisor of l and 5?
5
Let y be 3/(27/(-372))*-45*80/192. Let o = 7 - -18. Calculate the greatest common divisor of o and y.
25
Suppose 71 + 9 = -8*p. Let t be 20 + p - ((4 - 1) + -1). What is the greatest common factor of 14 and t?
2
Suppose 0 = y + 83 - 36 - 51. What is the highest common factor of 956 and y?
4
Let w be -7 + 0 - (-22)/1. Suppose 3*s = -w*s + 1170. Calculate the highest common factor of s and 325.
65
Let u = -10704 - -11724. What is the greatest common divisor of u and 3468?
204
Let q(t) = -213*t + 9867. Let k be q(46). Calculate the highest common divisor of k and 2116.
23
Let b(h) = 16*h - 292. Let d be b(34). Let v = 40 - 11. Suppose l - v + 1 = 0. What is the highest common divisor of l and d?
28
Let z(b) = -b**3 + 5*b**2 + 105*b + 2. Let y be z(13). Suppose 3*g - 687 = -6*n + n, -3*n + 401 = -g. Calculate the greatest common divisor of y and n.
15
Let r = -136 + 71. Let c = r + 90. Suppose 0 = -0*z - 5*z + 3*a + 1387, 2*z - 5*a = 570. Calculate the greatest common factor of c and z.
25
Let n = -23649 - -23748. Calculate the greatest common factor of 27621 and n.
99
Suppose -31*x - 29932 + 390369 = 0. Calculate the highest common divisor of 7 and x.
7
Suppose 2*w - 6 = 0, 30 = f + 2*f - 2*w. Suppose 17*l - f*l - 380 = 0. Let a = 273 - 254. What is the highest common divisor of a and l?
19
Let v be (-1)/(-1) - (-10)/(-2). Let p(y) = y**2 - 68*y + 244. Let d be p(4). Let o be (2 - 18/v)/((-2)/d). What is the greatest common factor of 351 and o?
39
Suppose -4*p - p + 15 = 0. Let v = -375 - -393. Let t be 9/3 - v/(-1). What is the highest common factor of t and p?
3
Let d be 2 - (-6)/(-4) - (-188)/8. Suppose 5*w - 20 = 8*k - 3*k, 4*k = 2*w - 16. Let u be (-84)/(-8) + (-6)/k. What is the greatest common divisor of u and d?
12
Suppose -3*t + 14*t = 1518. Let w = -105 + t. Suppose 4*x + 3 - w = -h, 0 = -3*h + 2*x + 20. What is the greatest common divisor of h and 160?
10
Suppose o - 141 = -3*k, -11*o + 2*k + 998 = -3*o. What is the highest common factor of 180 and o?
18
Let k = -268 + 136. Let d = -127 - k. Suppose -3*a - 5 = -y - 6*a, 0 = 5*y - d*a - 85. Calculate the highest common divisor of 126 and y.
14
Suppose 2*l - 3*k = -119, -12 = -5*l + 5*k - 302. Let y be (3*l/(-198))/((-2)/(-24)). Calculate the highest common divisor of y and 970.
10
Let n = 19147 + -16797. What is the highest common divisor of 75 and n?
25
Suppose 221 = 27*l + 5. Calculate the highest common divisor of l and 648.
8
Suppose -4*t - 2*c = 1682, -4*c = -4*t - 109 - 1567. Let d = -100 - t. What is the greatest common divisor of d and 20?
20
Let q = -3 + 4. Suppose -k = 2*n - 37, 5*k - 2*n = 146 + 3. Suppose -3*o - 18 = -5*h + k, 4*h = o + 42. What is the greatest common divisor of q and h?
1
Let k(g) = g**3 + 22*g**2 + 8*g + 361. Let j be k(-22). Calculate the greatest common factor of j and 14615.
185
Suppose -210 = 3*p + 2*p. Let g = -37 - p. Calculate the greatest common divisor of 5 and g.
5
Suppose 5033 = 21*r - 1729. Calculate the greatest common factor of r and 299.
23
Let t = -32 - -14. Let z = -14 - t. Suppose z*r + 112 = 5*r. Calculate the highest common divisor of r and 14.
14
Let a be (-6)/(-8) + (-8926490)/(-232). What is the highest common divisor of 109 and a?
109
Let b(q) = -5*q - 2. Let u be b(-1). Suppose 0 = 4*s + 2 - 10, 0 = -4*j - u*s + 170. Suppose -55 = -c + j. Calculate the highest common factor of 24 and c.
24
Suppose 5*l - 6 = 14, -4*n + 432 = 4*l. What is the greatest common